{"id":11577,"date":"2021-10-12T21:20:02","date_gmt":"2021-10-13T00:20:02","guid":{"rendered":"https:\/\/varaisestilos.com.br\/site\/?post_type=product&#038;p=11577"},"modified":"2021-11-17T16:05:46","modified_gmt":"2021-11-17T18:05:46","slug":"varal-de-chao","status":"publish","type":"product","link":"https:\/\/varaisestilos.com.br\/site\/product\/varal-de-chao\/","title":{"rendered":"Varal de ch\u00e3o com abas &#8211; estilos"},"content":{"rendered":"<p><span style=\"font-family: 'arial black', sans-serif;\"> R$170,00<\/span><\/p>\n<p style=\"text-align: center;\">\u00a0Modelo de varal fabricado no a\u00e7o com pintura ep\u00f3xi e travas de seguran\u00e7a.<\/p>\n<p style=\"text-align: center;\"><strong>COM ABAS<\/strong><\/p>\n","protected":false},"excerpt":{"rendered":"<p>R$170,00 \u00a0Modelo de varal fabricado no a\u00e7o com pintura ep\u00f3xi e travas de seguran\u00e7a. COM ABAS<\/p>\n","protected":false},"featured_media":11579,"template":"","meta":[],"class_list":{"0":"post-11577","1":"product","2":"type-product","3":"status-publish","4":"has-post-thumbnail","6":"product_cat-varal-de-chao","7":"product_cat-todosprodutos","9":"first","10":"instock","11":"shipping-taxable","12":"product-type-simple"},"_links":{"self":[{"href":"https:\/\/varaisestilos.com.br\/site\/wp-json\/wp\/v2\/product\/11577","targetHints":{"allow":["GET"]}}],"collection":[{"href":"https:\/\/varaisestilos.com.br\/site\/wp-json\/wp\/v2\/product"}],"about":[{"href":"https:\/\/varaisestilos.com.br\/site\/wp-json\/wp\/v2\/types\/product"}],"wp:featuredmedia":[{"embeddable":true,"href":"https:\/\/varaisestilos.com.br\/site\/wp-json\/wp\/v2\/media\/11579"}],"wp:attachment":[{"href":"https:\/\/varaisestilos.com.br\/site\/wp-json\/wp\/v2\/media?parent=11577"}],"curies":[{"name":"wp","href":"https:\/\/api.w.org\/{rel}","templated":true}]}}